5*t + 4*l - g*l. What are the prime factors of t?
5
Let x(d) = -2*d**2 + 4*d. Let p be x(10). List the prime factors of p/(-14) + (-3)/7.
11
Suppose 7*f + 3 - 66 = 0. Suppose 6*r = 7*r - f. List the prime factors of r.
3
Suppose -2*i + 37 = -5*z, -5*z = 2*i - z - 10. Suppose -2*j + 2*s + 3 = -i, 3*j = -4*s - 7. What are the prime factors of (j + -14)/(1/(-2))?
2, 11
Let b be 2/(-4)*(-34 - 4). Suppose 5 = 4*u + l - 8, -5*u - 4*l = -b. Suppose 0 = -3*s - 5*j + 128, 3*j - 48 = 2*s - u*s. What are the prime factors of s?
2, 3
Suppose -5*h - 3*o = -6890, -5*h + 5*o + 1782 = -5068. List the prime factors of h.
5, 11
Suppose 22 + 2 = 3*r. Suppose 4*q + 632 = r*q. List the prime factors of q.
2, 79
Let i(v) = 4*v**2 + 18*v + 39. Let h = -38 - -28. List the prime factors of i(h).
7, 37
Suppose -1293 = -16*t + 14*t - 3*o, 5*o - 3245 = -5*t. List the prime factors of t.
2, 3, 109
Suppose -7*l - 110 = -9*l. Suppose 4*a = 14 + 30. Let d = l - a. List the prime factors of d.
2, 11
Suppose 6 = 4*v - 2. Suppose -w + v*w + 2 = 0. What are the prime factors of 1*w/(-4)*82?
41
List the prime factors of 1746 - ((-14)/70 - (-16)/5).
3, 7, 83
Let v(f) = -f**3 + 18*f**2 - 18*f + 17. Let x be v(17). Suppose 2*j - 8*j + 528 = x. What are the prime factors of j?
2, 11
Let w(k) be the third derivative of -k**6/120 + k**5/40 - 13*k**4/24 - 12*k**2. Let u(g) be the second derivative of w(g). What are the prime factors of u(-11)?
3, 23
Let d(s) = -s**2 - 2*s. Let k(c) = -5*c**2 + 24*c - 4. Let q(b) = -4*d(b) + k(b). What are the prime factors of q(13)?
3
Let i(z) = 208*z**2 - 87*z - 248. List the prime factors of i(-3).
5, 13, 29
Suppose -3*w + 3256 = 3*n + 544, -3*w + 2710 = 5*n. Suppose -2*x + w = 3*u, -u + 3*u = -2*x + 606. List the prime factors of u.
13, 23
Let f = -17 + 14. Let g(v) = -v. Let i be g(f). List the prime factors of 27/i + -3 - -2.
2
Let s be (4 + 1)*(69/5 + 7). Let h = s - 57. List the prime factors of h.
47
Let b(d) = d**2 - 2*d + 13. Let m(t) = t**3 + 8*t**2 + 8*t + 7. Let z be m(-7). List the prime factors of b(z).
13
Let p(s) = -8*s**2 - 2*s + 4. Let l be p(6). Let d = l - -653. Suppose -i + 2*v = -63, 8*i - 3*i - d = -4*v. List the prime factors of i.
3, 23
Suppose 17*h - g - 2966 = 16*h, -4*h - g = -11889. List the prime factors of h.
2971
Suppose -2*c + 722 = -866. What are the prime factors of c?
2, 397
Suppose -23 = 4*p - 3*n, -3 = -4*n + 1. List the prime factors of 207/45 - 2/p.
5
Let m be -93 - (-3 + (20/(-4))/(-1)). Let g = 209 + m. What are the prime factors of g?
2, 3, 19
Let y(t) = 8*t**2 - 2*t - 4. Let p be y(-2). Suppose 2*h - 68 = -2*m + p, 0 = -2*m - 3*h + 99. What are the prime factors of m?
3, 17
Let c = 307 - 209. What are the prime factors of c?
2, 7
Let o be (-3)/((-129)/(-66) - 2). Suppose 0 = -u - u + o. What are the prime factors of u?
3, 11
Let r(h) = -h**3 - h**2 - h. Let k(t) = -4*t**3 - 2*t**2 - 3*t - 1. Let w(j) = -k(j) + 3*r(j). Let g be w(-1). What are the prime factors of (-46)/(-3) + g/3?
3, 5
Suppose -2*v = -37 + 197. Let p = 118 + v. What are the prime factors of p?
2, 19
Let p(n) = 6*n + 89. What are the prime factors of p(-11)?
23
Let m = -2227 + 4210. What are the prime factors of m?
3, 661
Let m(r) = r**3 - r - 1. Let b(v) = 6*v**3 + 6*v**2 - 5*v + 1. Let j(p) = -b(p) + 5*m(p). Let f be j(-6). Let h(d) = -8*d + 13. List the prime factors of h(f).
61
Suppose 3*p - 1195 = -4*b, 4*p - 1552 = 2*b + 56. List the prime factors of p.
401
Let l(r) = r**2 - r. Let y be l(-1). Let m be ((-6)/y - -8)*-5. List the prime factors of (-306)/(-10) - (-15)/m.
2, 3, 5
Suppose 3*p - 7 = 3*d + 77, 5*p + d = 146. What are the prime factors of p?
29
Let r = -151 + 402. Suppose r = 3*o + 86. Suppose 0 = -5*y - 3*l + 78, 4*y - 5*l = -0*l + o. List the prime factors of y.
3, 5
Suppose -2*f + 2*a + 1553 = 3*f, 0 = -2*a + 2. List the prime factors of f.
311
Let x be 768/20 - 4/10. Let l be 56/(-10)*11/(33/(-15)). Suppose 3*m - l = x. What are the prime factors of m?
2, 11
Suppose 0*x = -7*x - 910. Let o = 228 + x. List the prime factors of o.
2, 7
Let p(s) = -39*s + 136. List the prime factors of p(-6).
2, 5, 37
Let h be 0/((-4)/(-4)) + -4. What are the prime factors of ((h - -2) + 1)*-151?
151
Let m = -197 - -465. List the prime factors of m.
2, 67
Let z = -48 - -30. Let f(r) = -r**2 - 20*r + 41. List the prime factors of f(z).
7, 11
Let s be (1 + -5 - -6) + 3. Suppose -5*w - 3*m - m = -139, 0 = s*m + 20. What are the prime factors of w?
31
Let m = 3 - -12. Suppose 2*z - 2*h - m = 3*h, z - 4 = -h. Let i = z - -14. List the prime factors of i.
19
Suppose 0 = 2*b - 17*b + 5280. What are the prime factors of b?
2, 11
Let p = -232 + 383. What are the prime factors of p?
151
Let f = 32 - 45. Let q(c) = 10*c - 3. Let n be q(3). Let y = n + f. What are the prime factors of y?
2, 7
Suppose -12*a + 2024 = -3040. List the prime factors of a.
2, 211
Suppose 4*h = 9*h - 2325. List the prime factors of h.
3, 5, 31
Suppose 4*m + 21 = 5*k, -2*k + 0*m + 3*m + 7 = 0. Suppose -5*q - k*q + 310 = 0. List the prime factors of q.
31
Suppose -5*a = -4*z + 2141, -2*z + 5*a + 1612 = z. List the prime factors of z.
23
Let g(m) = 37*m**2 + 15*m + 120. What are the prime factors of g(-7)?
2, 457
Let t = 11 + 6. Suppose t*y + 66 = 20*y. List the prime factors of (16/2)/(4/y).
2, 11
Let c = -50 + 146. Let y = c + -40. Suppose 3*t - y = -t. What are the prime factors of t?
2, 7
Let j(s) = 3*s**2 + 8*s + 59. What are the prime factors of j(10)?
439
Let i(s) = 10*s**2 + 8*s. Let t(z) = 11*z**2 + 9*z + 1. Let m(n) = 5*i(n) - 4*t(n). Let w be m(4). Suppose 320 = 4*c + w. List the prime factors of c.
53
Let f = -236 + 30. Let z = 378 + f. What are the prime factors of z?
2, 43
Suppose 43*i - 4224 = 10*i. List the prime factors of i.
2
Let g(a) = 4*a + 7. Let d be g(-7). Let x be (-121)/(-7) - (-6)/d. Suppose 0 = q - y - 4*y - x, 4 = -4*y. What are the prime factors of q?
2, 3
Let u be (-4)/(-6) + (-40)/15. What are the prime factors of 143 + (1 - u) + (-1 - 0)?
5, 29
Let l = 313 - -89. What are the prime factors of l?
2, 3, 67
Suppose -4*i - 30 = 18. Let y be 4/(-6) + (-44)/i. Suppose 2*r - 130 = -y*r. List the prime factors of r.
2, 13
Suppose 3*m = -25*v + 20*v + 5452, 2*m - 3271 = -3*v. What are the prime factors of v?
1091
Let w be 8/8 + (-3 - (-3 - -1)). Suppose 4*v - 3*k - 860 = w, -2*v + 534 - 94 = -4*k. List the prime factors of v.
2, 53
Let s(b) = -b**2 + 13*b + 22. List the prime factors of s(11).
2, 11
Suppose 12347 = 4*t + 3*l - 1046, 0 = 4*l + 4. What are the prime factors of t?
17, 197
Suppose 8*t + 19*t = 41823. What are the prime factors of t?
1549
Let j(o) = -o**3 + o - 4. Let t be j(-2). Suppose 0 = 4*k - 2*f - 18, 4*k - 2*f = -4*f - 2. What are the prime factors of 26/t + 0 + k?
3, 5
Let v(i) = i**3 + 33*i**2 - 11*i + 17. List the prime factors of v(-33).
2, 5, 19
Suppose 0 = -5*u - 3*o + 10, 1 = -2*u + 5*o + 5. Suppose 3*d - 9 = -i, d + u*d - 4*i = 24. List the prime factors of d.
2
Suppose 5*f - 354 = -5*z - 104, 185 = 4*f - z. Let o = f + -31. What are the prime factors of o?
2
Let c(z) = -33*z + 323. What are the prime factors of c(-33)?
2, 353
Let i(b) = -b**3 - 5*b**2 + 6*b - 4. Let p be i(-6). Let t be p - -7 - 0/1. Let n = 11 - t. List the prime factors of n.
2
Let s(a) = 7*a**2 - 3*a - 4. List the prime factors of s(7).
2, 3, 53
Suppose -2*i - 12*i = -3150. List the prime factors of i.
3, 5
Suppose -5*p + 131 = 5*l - 2*l, 0 = -3*l - 3*p + 141. Suppose -27 - 25 = 2*f. Let v = f + l. List the prime factors of v.
2, 13
Let a(x) = -2*x**2 + 6*x + 3. Let q be a(3). Suppose -q*l + 42 = 3*v, -2*v - v = -5*l + 78. List the prime factors of l.
3, 5
Suppose 0*n - 2*n + 3*u + 163 = 0, 0 = -5*n + u + 414. Let o = n - 5. What are the prime factors of o?
2, 3, 13
Let y be 20/12 - 1/(2 + -5). Suppose -y*d + 7*d - 445 = 0. What are the prime factors of d?
89
Let v(a) = -3090*a**3 - 2*a**2 + 4*a + 7. List the prime factors of v(-1).
11, 281
Let o = -2 - -7. Let g(v) = v**2 - 6*v. Let j be g(o). Let x(q) = -4*q + 2. List the prime factors of x(j).
2, 11
Suppose -3*w + z + 21 - 9 = 0, -5*z = 3*w + 6. Suppose 0 = -4*n - u - 4*u + 36, -5*n - w*u = -58. List the prime factors of n.
2, 7
Let h = 80 + -32. Suppose -z + 5*z = -3*f + 144, 0 = -f - z + h. List the p